-1*(-225)/(-12))/((-6)/16) is divided by c?
16
Let c = -766 + 1084. What is the remainder when c is divided by 23?
19
Suppose 0 = 5*d - 3*y - 11, 4*y - 2*y = 2*d - 2. Suppose -100 = -d*j - 4*m, m = 2 + 2. What is the remainder when j is divided by ((-116)/20 + (-1)/5)/(-1)?
3
Let b = 105 - 102. Suppose -z + 10 = 3*h, -5*h + 80 = -3*z + 8*z. Calculate the remainder when -1 - b/((-3)/94) is divided by z.
17
Let g(n) = -n - 9. What is the remainder when 38 is divided by g(-14)?
3
Suppose 3*p + 306 = 12*p. Suppose 4*u - p = 6. Calculate the remainder when 58 is divided by u.
8
Let d be 1/2*10 - 20. What is the remainder when 16 is divided by (-3)/1 + (-9 - d)?
1
Let c = 757 - 704. Let m be (-8)/(-5) - (-2)/5. Suppose m*k + 18 = 4*k. What is the remainder when c is divided by k?
8
Let l(j) = 3*j**2 + j - 12. Let h be (5 + -15)*3/(-6). Suppose -h*i - b + 3*b = 17, -i = -b + 1. Calculate the remainder when l(i) is divided by 15.
13
Suppose -700 = -9*r - 277. What is the remainder when 655 is divided by r?
44
Suppose -3*g + 20 = -r, -4 = -2*r + 4*r. Let v(p) = 10*p - 6. Calculate the remainder when v(g) is divided by (0 + 7)*(-1 + 3).
12
Let y(a) = -4*a - 3 + a + a + 2*a**2 - a**2. Let x be y(3). Suppose -3*k + 5*j + 86 = x, -5*k + 3*j + 165 = -j. What is the remainder when k is divided by 19?
18
Suppose f - 7*f = -942. Let n = f - 112. What is the remainder when n is divided by 25?
20
Let l = -1 - -1. Suppose 5*y - 55 = -l*y. Suppose -4*g - 20 = 0, -7*u + 4*u + g = -14. Calculate the remainder when y is divided by u.
2
Let u(f) = -19*f + 9*f + 6*f - 8. Let r be u(-4). Suppose -3*x = -r + 2. What is the remainder when 2 is divided by x?
0
Suppose 44 = -h + 185. Calculate the remainder when h is divided by 48.
45
Let c = 10 + 3. Let x = c - 8. Calculate the remainder when 41 is divided by -21*x/(15/(-2)).
13
Suppose 0 = -5*j - u + 130, -3*u + 55 = 5*j - 75. Calculate the remainder when 163 is divided by j.
7
Suppose 17*z = 802 - 122. Calculate the remainder when 119 is divided by z.
39
Suppose 52 = 11*i - 9*i. Suppose 0*c = -2*c + i. Calculate the remainder when 76 is divided by c.
11
Suppose 0 = -2*b - 2*b + 20. Suppose -b*y + 67 + 28 = 0. Suppose -6*j = -10*j + 20. What is the remainder when y is divided by j?
4
Suppose 0 = -66*t + 71*t - 4825. Calculate the remainder when t is divided by 88.
85
Suppose 0 = -4*o + 6*r - 4*r + 58, -3*r = -3*o + 51. What is the remainder when o/(-10)*290/(-4) is divided by 18?
15
Let f = 0 - 0. Suppose -324 = 1484*j - 1493*j. Suppose -7*q + 3*q + j = f. What is the remainder when q is divided by 7?
2
Suppose 0 = -2*m - 5*s + 28, -s = m + s - 13. Suppose 4*b = -2*l - l + 32, 0 = b + l - m. Calculate the remainder when b is divided by 4.
1
Let z = -2844 - -4018. What is the remainder when 88 is divided by z/26 - (-22)/(-143)?
43
Let t(g) = -6*g - 3. Let i be t(-1). Suppose i*k = -0*k. Suppose 29 = v - 5*n, -5*v = n - 67 - k. What is the remainder when 83 is divided by v?
13
Let j = -615 + 691. What is the remainder when 161 is divided by j?
9
Let f(h) = h**3 - 5*h**2 + 8*h - 15. Let p be (-12)/18 + 60/9. Calculate the remainder when f(p) is divided by 24.
21
Suppose 4*u - 2*j = -2, 9 = 4*j - j. Let b be (0 - -5)*9/15. What is the remainder when u is divided by b/21 + (-18)/(-21)?
0
Suppose 0 = -2*j + 3*j - 15. Let m(r) = -3*r + 1. Let c be m(0). Let v(a) = 8*a**3 + 2*a - 2. Calculate the remainder when j is divided by v(c).
7
Let p = 6 - 3. Suppose -p*i + 50 = n + i, 120 = 2*n - 2*i. Suppose -3*a - g + 48 = 0, 5*a + 3*g - 84 = -0*g. Calculate the remainder when n is divided by a.
13
Suppose 64 - 545 = -37*z. What is the remainder when 32 is divided by z?
6
Suppose -31 = j - 50. Calculate the remainder when 2/(-9) - 1437/(-27) is divided by j.
15
Suppose 4*r - 2*r - 9 = i, -5*i - 3 = 4*r. Let d(f) = -f**r + 0*f + 11 - 1 + 8*f**2 - 5*f - 7*f. What is the remainder when 50 is divided by d(4)?
24
Let z(b) = 4*b - 7. Let c be z(-15). Let l = -56 - c. What is the remainder when 54 is divided by l?
10
Let g be (-1 - -2)/((-6)/18). Let i be 0*1/(g - -4). Suppose 2*s - 2*c + c - 67 = i, -160 = -5*s - 5*c. What is the remainder when s is divided by 17?
16
Let n = 192 - 144. Calculate the remainder when 136 is divided by n.
40
Suppose -5*w - 26 + 146 = 0. What is the remainder when ((2 - -1 - 2)*-27)/(3/(-5)) is divided by w?
21
Let p be (2 - (5 - 3)) + (1 - 5). Calculate the remainder when 50 is divided by (p/(-6))/(202/(-51) + 4).
16
Suppose 286 = 53*k - 1092. What is the remainder when 126 is divided by k?
22
Let o be 56/(-6) + (-6)/9. Let r(i) = -i**3 - 5*i**2 + 11*i + 8. Let h be r(-7). Let c = o + h. What is the remainder when 54 is divided by c?
16
Let n = -48 + 151. Let y = -59 - -74. Calculate the remainder when n is divided by y.
13
Let t = 21 - 9. Let p(n) = n**2 + 25*n - 22. Let v be p(-22). Let w = -53 - v. Calculate the remainder when w is divided by t.
11
Let l = 5 + -2. Suppose 2*h + 5 = l*z + 1, 0 = 3*z + 5*h - 32. Suppose -63 = -z*a + 185. Calculate the remainder when a is divided by 16.
14
Suppose 3*b = -0*l - 4*l + 719, -3*b + 4*l + 751 = 0. Calculate the remainder when b is divided by 14.
7
Suppose 0 = -5*i + 3*i + 36. Let a(o) be the third derivative of -o**6/120 + o**5/10 - o**4/6 - 4*o**2. Calculate the remainder when i is divided by a(5).
3
Suppose -16*n + 1909 = 501. Calculate the remainder when n is divided by 25.
13
Suppose 5*f = -2*o + 50, 14*o + f - 79 = 9*o. What is the remainder when 19 is divided by o?
4
Let i = 122 + -38. Suppose 45*o = 41*o + i. What is the remainder when o is divided by 2?
1
Let w = 202 - 58. Let o = 163 - w. What is the remainder when o is divided by 7?
5
Suppose -s - 2*o = -4*s + 19, -3*s + 5*o = -34. Suppose t + s = 0, -16 = -i + 3*t - 4*t. Let j(g) = 8*g + 8. Calculate the remainder when j(6) is divided by i.
18
Let s(x) = -19*x**2 + x. Let j be s(-1). Let i = -13 + j. Let u = 6 - i. What is the remainder when u is divided by 14?
11
Let g = -12 + 25. What is the remainder when 22 + (-14)/(28/6) is divided by g?
6
Let m(l) = 66*l**2 + 15*l + 30. What is the remainder when m(-2) is divided by 53?
52
Suppose 51 + 21 = -2*i. Let h = i + 48. What is the remainder when 43 is divided by h?
7
Suppose 5*f - 14 = 3*o, 0 = -4*f + f + 12. Suppose o*v - 18 - 14 = 0. What is the remainder when v is divided by 9?
7
Suppose 3*g = -5*y + 55, -4*y + 40 = 4*g - 20. Suppose -2*w + 4*w = 98. What is the remainder when w is divided by g?
9
Suppose v = -2*h - 0*v + 136, -2*v - 124 = -2*h. Suppose -h = -x - 5*x. What is the remainder when 31 is divided by x?
9
Suppose 5*d - 37 = 5*m - 127, m = 2*d + 17. Suppose n - 53 = 34. What is the remainder when n is divided by m?
11
Suppose y + 0 - 5 = 0. Suppose -y*f = -3*n - 1 - 0, -3*n + 2*f + 5 = 0. Let w = -64 + 70. Calculate the remainder when w is divided by n.
0
Let k be (-27)/18*8/(-6). Let s be 70/(k/1 - 3). What is the remainder when s*(3 + (-21)/6) is divided by 9?
8
Suppose -27*s = -20478 - 16053. What is the remainder when s is divided by 113?
110
Let w(f) = -f**3 - 3*f**2 - f - 3. Let o(d) = -d**3 - 4*d**2 - d - 24. What is the remainder when w(-4) is divided by o(-5)?
5
Let m = 46 + -29. Let f = 60 + 4. Calculate the remainder when f is divided by m.
13
Suppose 17*f - 38*f = -987. What is the remainder when 185 is divided by f?
44
Let t(u) = u**3 - u**2 + 5. Let p = 27 + -27. Suppose 6*r - 16*r + 140 = p. What is the remainder when r is divided by t(0)?
4
Let d(t) = -2*t**3 - 6*t**2 + 4*t + 7. Let z be d(-5). Suppose 2*b - 3 = z. Let h(v) = 3*v**2. What is the remainder when b is divided by h(-2)?
9
Let z = -34 + 28. Let w = 244 + -169. What is the remainder when w is divided by 196/10 + z/10?
18
Suppose 2*f + 2*h = -3*f + 330, -5*f + 360 = -4*h. What is the remainder when f is divided by 5?
3
Let u = 1804 + -1757. Calculate the remainder when u is divided by 28.
19
Let s(l) = 3*l - 4. Let n be s(3). Suppose 0*p - n*p + 209 = 4*m, -5*p + 245 = -5*m. Calculate the remainder when 131 is divided by p.
41
Suppose -3*f - 51 = -3*k - 0, -5*f + 104 = 4*k. Suppose 0 = 3*i - 6*i + 15. What is the remainder when k is divided by (i/((-15)/33))/(-1)?
10
Suppose -2 = y, -v - 17*y + 57 = -22*y. What is the remainder when 186 is divided by v?
45
Let x = 